{"id":2421,"date":"2025-07-03T11:03:42","date_gmt":"2025-07-03T11:03:42","guid":{"rendered":"https:\/\/careeducation.eu\/?page_id=2421"},"modified":"2025-11-03T09:51:20","modified_gmt":"2025-11-03T09:51:20","slug":"mentoria","status":"publish","type":"page","link":"https:\/\/careeducation.eu\/ca\/mentoria","title":{"rendered":"Mentoria"},"content":{"rendered":"\t\t<div data-elementor-type=\"wp-page\" data-elementor-id=\"2421\" class=\"elementor elementor-2421 elementor-2406\" data-elementor-post-type=\"page\">\n\t\t\t\t<div class=\"elementor-element elementor-element-c2c00b3 e-flex e-con-boxed e-con e-parent\" data-id=\"c2c00b3\" data-element_type=\"container\" data-e-type=\"container\" data-settings=\"{&quot;background_background&quot;:&quot;classic&quot;,&quot;jet_parallax_layout_list&quot;:[]}\">\n\t\t\t\t\t<div class=\"e-con-inner\">\n\t\t\t\t<div class=\"elementor-element elementor-element-b24d8d6 elementor-headline--style-highlight elementor-widget elementor-widget-animated-headline\" data-id=\"b24d8d6\" data-element_type=\"widget\" data-e-type=\"widget\" data-settings=\"{&quot;marker&quot;:&quot;underline&quot;,&quot;highlighted_text&quot;:&quot;Mentoria&quot;,&quot;headline_style&quot;:&quot;highlight&quot;,&quot;loop&quot;:&quot;yes&quot;,&quot;highlight_animation_duration&quot;:1200,&quot;highlight_iteration_delay&quot;:8000}\" data-widget_type=\"animated-headline.default\">\n\t\t\t\t<div class=\"elementor-widget-container\">\n\t\t\t\t\t\t\t<h3 class=\"elementor-headline\">\n\t\t\t\t<span class=\"elementor-headline-dynamic-wrapper elementor-headline-text-wrapper\">\n\t\t\t\t\t<span class=\"elementor-headline-dynamic-text elementor-headline-text-active\">Mentoria<\/span>\n\t\t\t\t<\/span>\n\t\t\t\t<\/h3>\n\t\t\t\t\t\t<\/div>\n\t\t\t\t<\/div>\n\t\t\t\t\t<\/div>\n\t\t\t\t<\/div>\n\t\t<div class=\"elementor-element elementor-element-61a9fa2 e-flex e-con-boxed e-con e-parent\" data-id=\"61a9fa2\" data-element_type=\"container\" data-e-type=\"container\" data-settings=\"{&quot;jet_parallax_layout_list&quot;:[]}\">\n\t\t\t\t\t<div class=\"e-con-inner\">\n\t\t\t\t<div class=\"elementor-element elementor-element-527e9ab elementor-widget elementor-widget-text-editor\" data-id=\"527e9ab\" data-element_type=\"widget\" data-e-type=\"widget\" data-widget_type=\"text-editor.default\">\n\t\t\t\t<div class=\"elementor-widget-container\">\n\t\t\t\t\t\t\t\t\t<p><span style=\"font-weight: 400;\">Programa de mentoria digital basat en TELMS amb directrius metodol\u00f2giques que inclouen un conjunt d\u2019eines digitals que es poden utilitzar per donar suport a l\u2019educaci\u00f3 ling\u00fc\u00edstica dels infants migrants (biling\u00fces) i al seu funcionament quotidi\u00e0.<\/span><\/p>\t\t\t\t\t\t\t\t<\/div>\n\t\t\t\t<\/div>\n\t\t<div class=\"elementor-element elementor-element-7357e88 e-con-full e-flex e-con e-child\" data-id=\"7357e88\" data-element_type=\"container\" data-e-type=\"container\" data-settings=\"{&quot;jet_parallax_layout_list&quot;:[]}\">\n\t\t<a class=\"eael-wrapper-link-13c8b06 --eael-wrapper-link-tag\" href=\"https:\/\/careeducation.eu\/ca\/base-de-dades-deines-digitals\"><\/a><div data-eael-wrapper-link=\"eael-wrapper-link-13c8b06\" class=\"elementor-element elementor-element-13c8b06 e-con-full e-flex e-con e-child\" data-id=\"13c8b06\" data-element_type=\"container\" data-e-type=\"container\" data-settings=\"{&quot;background_background&quot;:&quot;classic&quot;,&quot;jet_parallax_layout_list&quot;:[]}\">\n\t\t\t\t<div class=\"elementor-element elementor-element-9d621f7 elementor-widget elementor-widget-heading\" data-id=\"9d621f7\" data-element_type=\"widget\" data-e-type=\"widget\" data-widget_type=\"heading.default\">\n\t\t\t\t<div class=\"elementor-widget-container\">\n\t\t\t\t\t<h2 class=\"elementor-heading-title elementor-size-default\">BASE DE DADES D\u2019EINES DIGITALS<\/h2>\t\t\t\t<\/div>\n\t\t\t\t<\/div>\n\t\t\t\t<\/div>\n\t\t<a class=\"eael-wrapper-link-bcf02ba --eael-wrapper-link-tag\" href=\"https:\/\/careeducation.eu\/digital-tools-database\"><\/a><div data-eael-wrapper-link=\"eael-wrapper-link-bcf02ba\" class=\"elementor-element elementor-element-bcf02ba e-con-full e-flex e-con e-child\" data-id=\"bcf02ba\" data-element_type=\"container\" data-e-type=\"container\" data-settings=\"{&quot;background_background&quot;:&quot;classic&quot;,&quot;jet_parallax_layout_list&quot;:[]}\">\n\t\t\t\t<div class=\"elementor-element elementor-element-f5e923a elementor-widget elementor-widget-heading\" data-id=\"f5e923a\" data-element_type=\"widget\" data-e-type=\"widget\" data-widget_type=\"heading.default\">\n\t\t\t\t<div class=\"elementor-widget-container\">\n\t\t\t\t\t<h2 class=\"elementor-heading-title elementor-size-default\">Programa de mentoria digital basat en TELMS<\/h2>\t\t\t\t<\/div>\n\t\t\t\t<\/div>\n\t\t\t\t<\/div>\n\t\t\t\t<\/div>\n\t\t\t\t\t<\/div>\n\t\t\t\t<\/div>\n\t\t\t\t<\/div>\n\t\t","protected":false},"excerpt":{"rendered":"<p>Mentoria Programa de mentoria digital basat en TELMS amb directrius metodol\u00f2giques que inclouen un conjunt d\u2019eines digitals que es poden utilitzar per donar suport a l\u2019educaci\u00f3 ling\u00fc\u00edstica dels infants migrants (biling\u00fces) i al seu funcionament quotidi\u00e0. BASE DE DADES D\u2019EINES DIGITALS Programa de mentoria digital basat en TELMS<\/p>\n","protected":false},"author":1,"featured_media":0,"parent":0,"menu_order":0,"comment_status":"closed","ping_status":"closed","template":"","meta":{"footnotes":""},"class_list":["post-2421","page","type-page","status-publish","hentry"],"_links":{"self":[{"href":"https:\/\/careeducation.eu\/ca\/wp-json\/wp\/v2\/pages\/2421","targetHints":{"allow":["GET"]}}],"collection":[{"href":"https:\/\/careeducation.eu\/ca\/wp-json\/wp\/v2\/pages"}],"about":[{"href":"https:\/\/careeducation.eu\/ca\/wp-json\/wp\/v2\/types\/page"}],"author":[{"embeddable":true,"href":"https:\/\/careeducation.eu\/ca\/wp-json\/wp\/v2\/users\/1"}],"replies":[{"embeddable":true,"href":"https:\/\/careeducation.eu\/ca\/wp-json\/wp\/v2\/comments?post=2421"}],"version-history":[{"count":19,"href":"https:\/\/careeducation.eu\/ca\/wp-json\/wp\/v2\/pages\/2421\/revisions"}],"predecessor-version":[{"id":3505,"href":"https:\/\/careeducation.eu\/ca\/wp-json\/wp\/v2\/pages\/2421\/revisions\/3505"}],"wp:attachment":[{"href":"https:\/\/careeducation.eu\/ca\/wp-json\/wp\/v2\/media?parent=2421"}],"curies":[{"name":"wp","href":"https:\/\/api.w.org\/{rel}","templated":true}]}}

<div data-elementor-type="wp-page" data-elementor-id="2421" class="elementor elementor-2421 elementor-2406" data-elementor-post-type="page">
				<div class="elementor-element elementor-element-c2c00b3 e-flex e-con-boxed e-con e-parent" data-id="c2c00b3" data-element_type="container" data-e-type="container" data-settings="{&quot;background_background&quot;:&quot;classic&quot;,&quot;jet_parallax_layout_list&quot;:[]}">
					<div class="e-con-inner">
				<div class="elementor-element elementor-element-b24d8d6 elementor-headline--style-highlight elementor-widget elementor-widget-animated-headline" data-id="b24d8d6" data-element_type="widget" data-e-type="widget" data-settings="{&quot;marker&quot;:&quot;underline&quot;,&quot;highlighted_text&quot;:&quot;Mentoria&quot;,&quot;headline_style&quot;:&quot;highlight&quot;,&quot;loop&quot;:&quot;yes&quot;,&quot;highlight_animation_duration&quot;:1200,&quot;highlight_iteration_delay&quot;:8000}" data-widget_type="animated-headline.default">
				<div class="elementor-widget-container">
							<h3 class="elementor-headline">
				<span class="elementor-headline-dynamic-wrapper elementor-headline-text-wrapper">
					<span class="elementor-headline-dynamic-text elementor-headline-text-active">Mentoria</span>
				</span>
				</h3>
						</div>
				</div>
					</div>
				</div>
		<div class="elementor-element elementor-element-61a9fa2 e-flex e-con-boxed e-con e-parent" data-id="61a9fa2" data-element_type="container" data-e-type="container" data-settings="{&quot;jet_parallax_layout_list&quot;:[]}">
					<div class="e-con-inner">
				<div class="elementor-element elementor-element-527e9ab elementor-widget elementor-widget-text-editor" data-id="527e9ab" data-element_type="widget" data-e-type="widget" data-widget_type="text-editor.default">
				<div class="elementor-widget-container">
									<p><span style="font-weight: 400;">Programa de mentoria digital basat en TELMS amb directrius metodològiques que inclouen un conjunt d’eines digitals que es poden utilitzar per donar suport a l’educació lingüística dels infants migrants (bilingües) i al seu funcionament quotidià.</span></p>								</div>
				</div>
		<div class="elementor-element elementor-element-7357e88 e-con-full e-flex e-con e-child" data-id="7357e88" data-element_type="container" data-e-type="container" data-settings="{&quot;jet_parallax_layout_list&quot;:[]}">
		<a class="eael-wrapper-link-13c8b06 --eael-wrapper-link-tag" href="https://careeducation.eu/ca/base-de-dades-deines-digitals"></a><div data-eael-wrapper-link="eael-wrapper-link-13c8b06" class="elementor-element elementor-element-13c8b06 e-con-full e-flex e-con e-child" data-id="13c8b06" data-element_type="container" data-e-type="container" data-settings="{&quot;background_background&quot;:&quot;classic&quot;,&quot;jet_parallax_layout_list&quot;:[]}">
				<div class="elementor-element elementor-element-9d621f7 elementor-widget elementor-widget-heading" data-id="9d621f7" data-element_type="widget" data-e-type="widget" data-widget_type="heading.default">
				<div class="elementor-widget-container">
					<h2 class="elementor-heading-title elementor-size-default">BASE DE DADES D’EINES DIGITALS</h2>				</div>
				</div>
				</div>
		<a class="eael-wrapper-link-bcf02ba --eael-wrapper-link-tag" href="https://careeducation.eu/digital-tools-database"></a><div data-eael-wrapper-link="eael-wrapper-link-bcf02ba" class="elementor-element elementor-element-bcf02ba e-con-full e-flex e-con e-child" data-id="bcf02ba" data-element_type="container" data-e-type="container" data-settings="{&quot;background_background&quot;:&quot;classic&quot;,&quot;jet_parallax_layout_list&quot;:[]}">
				<div class="elementor-element elementor-element-f5e923a elementor-widget elementor-widget-heading" data-id="f5e923a" data-element_type="widget" data-e-type="widget" data-widget_type="heading.default">
				<div class="elementor-widget-container">
					<h2 class="elementor-heading-title elementor-size-default">Programa de mentoria digital basat en TELMS</h2>				</div>
				</div>
				</div>
				</div>
					</div>
				</div>
				</div>

<p>Mentoria Programa de mentoria digital basat en TELMS amb directrius metodològiques que inclouen un conjunt d’eines digitals que es poden utilitzar per donar suport a l’educació lingüística dels infants migrants (bilingües) i al seu funcionament quotidià. BASE DE DADES D’EINES DIGITALS Programa de mentoria digital basat en TELMS</p>
