{"id":2423,"date":"2025-07-03T11:03:42","date_gmt":"2025-07-03T11:03:42","guid":{"rendered":"https:\/\/careeducation.eu\/?page_id=2423"},"modified":"2025-11-03T09:56:17","modified_gmt":"2025-11-03T09:56:17","slug":"mentoria","status":"publish","type":"page","link":"https:\/\/careeducation.eu\/es\/mentoria","title":{"rendered":"Mentor\u00eda"},"content":{"rendered":"\t\t<div data-elementor-type=\"wp-page\" data-elementor-id=\"2423\" class=\"elementor elementor-2423 elementor-2406\" data-elementor-post-type=\"page\">\n\t\t\t\t<div class=\"elementor-element elementor-element-ab90294 e-flex e-con-boxed e-con e-parent\" data-id=\"ab90294\" data-element_type=\"container\" data-e-type=\"container\" data-settings=\"{&quot;background_background&quot;:&quot;classic&quot;,&quot;jet_parallax_layout_list&quot;:[]}\">\n\t\t\t\t\t<div class=\"e-con-inner\">\n\t\t\t\t<div class=\"elementor-element elementor-element-cf9ca91 elementor-headline--style-highlight elementor-widget elementor-widget-animated-headline\" data-id=\"cf9ca91\" data-element_type=\"widget\" data-e-type=\"widget\" data-settings=\"{&quot;marker&quot;:&quot;underline&quot;,&quot;highlighted_text&quot;:&quot;Mentor\\u00eda&quot;,&quot;headline_style&quot;:&quot;highlight&quot;,&quot;loop&quot;:&quot;yes&quot;,&quot;highlight_animation_duration&quot;:1200,&quot;highlight_iteration_delay&quot;:8000}\" data-widget_type=\"animated-headline.default\">\n\t\t\t\t<div class=\"elementor-widget-container\">\n\t\t\t\t\t\t\t<h3 class=\"elementor-headline\">\n\t\t\t\t<span class=\"elementor-headline-dynamic-wrapper elementor-headline-text-wrapper\">\n\t\t\t\t\t<span class=\"elementor-headline-dynamic-text elementor-headline-text-active\">Mentor\u00eda<\/span>\n\t\t\t\t<\/span>\n\t\t\t\t<\/h3>\n\t\t\t\t\t\t<\/div>\n\t\t\t\t<\/div>\n\t\t\t\t\t<\/div>\n\t\t\t\t<\/div>\n\t\t<div class=\"elementor-element elementor-element-ce34230 e-flex e-con-boxed e-con e-parent\" data-id=\"ce34230\" data-element_type=\"container\" data-e-type=\"container\" data-settings=\"{&quot;jet_parallax_layout_list&quot;:[]}\">\n\t\t\t\t\t<div class=\"e-con-inner\">\n\t\t\t\t<div class=\"elementor-element elementor-element-d8a3660 elementor-widget elementor-widget-text-editor\" data-id=\"d8a3660\" data-element_type=\"widget\" data-e-type=\"widget\" data-widget_type=\"text-editor.default\">\n\t\t\t\t<div class=\"elementor-widget-container\">\n\t\t\t\t\t\t\t\t\t<p><span style=\"font-weight: 400;\">Programa de mentor\u00eda digital basado en TELMS con directrices metodol\u00f3gicas que incluyen un conjunto de herramientas digitales que pueden utilizarse para apoyar la educaci\u00f3n ling\u00fc\u00edstica de los ni\u00f1os migrantes (biling\u00fces) y su funcionamiento cotidiano.<\/span><\/p>\t\t\t\t\t\t\t\t<\/div>\n\t\t\t\t<\/div>\n\t\t<div class=\"elementor-element elementor-element-50d9a08 e-con-full e-flex e-con e-child\" data-id=\"50d9a08\" data-element_type=\"container\" data-e-type=\"container\" data-settings=\"{&quot;jet_parallax_layout_list&quot;:[]}\">\n\t\t<a class=\"eael-wrapper-link-fd42e4e --eael-wrapper-link-tag\" href=\"https:\/\/careeducation.eu\/es\/base-de-datos-de-herramientas-digitales\"><\/a><div data-eael-wrapper-link=\"eael-wrapper-link-fd42e4e\" class=\"elementor-element elementor-element-fd42e4e e-con-full e-flex e-con e-child\" data-id=\"fd42e4e\" data-element_type=\"container\" data-e-type=\"container\" data-settings=\"{&quot;background_background&quot;:&quot;classic&quot;,&quot;jet_parallax_layout_list&quot;:[]}\">\n\t\t\t\t<div class=\"elementor-element elementor-element-730f63b elementor-widget elementor-widget-heading\" data-id=\"730f63b\" data-element_type=\"widget\" data-e-type=\"widget\" data-widget_type=\"heading.default\">\n\t\t\t\t<div class=\"elementor-widget-container\">\n\t\t\t\t\t<h2 class=\"elementor-heading-title elementor-size-default\">BASE DE DATOS DE HERRAMIENTAS DIGITALES<\/h2>\t\t\t\t<\/div>\n\t\t\t\t<\/div>\n\t\t\t\t<\/div>\n\t\t<a class=\"eael-wrapper-link-9eb7a02 --eael-wrapper-link-tag\" href=\"https:\/\/careeducation.eu\/digital-tools-database\"><\/a><div data-eael-wrapper-link=\"eael-wrapper-link-9eb7a02\" class=\"elementor-element elementor-element-9eb7a02 e-con-full e-flex e-con e-child\" data-id=\"9eb7a02\" data-element_type=\"container\" data-e-type=\"container\" data-settings=\"{&quot;background_background&quot;:&quot;classic&quot;,&quot;jet_parallax_layout_list&quot;:[]}\">\n\t\t\t\t<div class=\"elementor-element elementor-element-0b94c9c elementor-widget elementor-widget-heading\" data-id=\"0b94c9c\" data-element_type=\"widget\" data-e-type=\"widget\" data-widget_type=\"heading.default\">\n\t\t\t\t<div class=\"elementor-widget-container\">\n\t\t\t\t\t<h2 class=\"elementor-heading-title elementor-size-default\">Programa de mentor\u00eda digital basado en TELMS<\/h2>\t\t\t\t<\/div>\n\t\t\t\t<\/div>\n\t\t\t\t<\/div>\n\t\t\t\t<\/div>\n\t\t\t\t\t<\/div>\n\t\t\t\t<\/div>\n\t\t\t\t<\/div>\n\t\t","protected":false},"excerpt":{"rendered":"<p>Mentor\u00eda Programa de mentor\u00eda digital basado en TELMS con directrices metodol\u00f3gicas que incluyen un conjunto de herramientas digitales que pueden utilizarse para apoyar la educaci\u00f3n ling\u00fc\u00edstica de los ni\u00f1os migrantes (biling\u00fces) y su funcionamiento cotidiano. BASE DE DATOS DE HERRAMIENTAS DIGITALES Programa de mentor\u00eda digital basado en TELMS<\/p>\n","protected":false},"author":1,"featured_media":0,"parent":0,"menu_order":0,"comment_status":"closed","ping_status":"closed","template":"","meta":{"footnotes":""},"class_list":["post-2423","page","type-page","status-publish","hentry"],"_links":{"self":[{"href":"https:\/\/careeducation.eu\/es\/wp-json\/wp\/v2\/pages\/2423","targetHints":{"allow":["GET"]}}],"collection":[{"href":"https:\/\/careeducation.eu\/es\/wp-json\/wp\/v2\/pages"}],"about":[{"href":"https:\/\/careeducation.eu\/es\/wp-json\/wp\/v2\/types\/page"}],"author":[{"embeddable":true,"href":"https:\/\/careeducation.eu\/es\/wp-json\/wp\/v2\/users\/1"}],"replies":[{"embeddable":true,"href":"https:\/\/careeducation.eu\/es\/wp-json\/wp\/v2\/comments?post=2423"}],"version-history":[{"count":16,"href":"https:\/\/careeducation.eu\/es\/wp-json\/wp\/v2\/pages\/2423\/revisions"}],"predecessor-version":[{"id":3525,"href":"https:\/\/careeducation.eu\/es\/wp-json\/wp\/v2\/pages\/2423\/revisions\/3525"}],"wp:attachment":[{"href":"https:\/\/careeducation.eu\/es\/wp-json\/wp\/v2\/media?parent=2423"}],"curies":[{"name":"wp","href":"https:\/\/api.w.org\/{rel}","templated":true}]}}

Mentoría

<div data-elementor-type="wp-page" data-elementor-id="2423" class="elementor elementor-2423 elementor-2406" data-elementor-post-type="page">
				<div class="elementor-element elementor-element-ab90294 e-flex e-con-boxed e-con e-parent" data-id="ab90294" data-element_type="container" data-e-type="container" data-settings="{&quot;background_background&quot;:&quot;classic&quot;,&quot;jet_parallax_layout_list&quot;:[]}">
					<div class="e-con-inner">
				<div class="elementor-element elementor-element-cf9ca91 elementor-headline--style-highlight elementor-widget elementor-widget-animated-headline" data-id="cf9ca91" data-element_type="widget" data-e-type="widget" data-settings="{&quot;marker&quot;:&quot;underline&quot;,&quot;highlighted_text&quot;:&quot;Mentor\u00eda&quot;,&quot;headline_style&quot;:&quot;highlight&quot;,&quot;loop&quot;:&quot;yes&quot;,&quot;highlight_animation_duration&quot;:1200,&quot;highlight_iteration_delay&quot;:8000}" data-widget_type="animated-headline.default">
				<div class="elementor-widget-container">
							<h3 class="elementor-headline">
				<span class="elementor-headline-dynamic-wrapper elementor-headline-text-wrapper">
					<span class="elementor-headline-dynamic-text elementor-headline-text-active">Mentoría</span>
				</span>
				</h3>
						</div>
				</div>
					</div>
				</div>
		<div class="elementor-element elementor-element-ce34230 e-flex e-con-boxed e-con e-parent" data-id="ce34230" data-element_type="container" data-e-type="container" data-settings="{&quot;jet_parallax_layout_list&quot;:[]}">
					<div class="e-con-inner">
				<div class="elementor-element elementor-element-d8a3660 elementor-widget elementor-widget-text-editor" data-id="d8a3660" data-element_type="widget" data-e-type="widget" data-widget_type="text-editor.default">
				<div class="elementor-widget-container">
									<p><span style="font-weight: 400;">Programa de mentoría digital basado en TELMS con directrices metodológicas que incluyen un conjunto de herramientas digitales que pueden utilizarse para apoyar la educación lingüística de los niños migrantes (bilingües) y su funcionamiento cotidiano.</span></p>								</div>
				</div>
		<div class="elementor-element elementor-element-50d9a08 e-con-full e-flex e-con e-child" data-id="50d9a08" data-element_type="container" data-e-type="container" data-settings="{&quot;jet_parallax_layout_list&quot;:[]}">
		<a class="eael-wrapper-link-fd42e4e --eael-wrapper-link-tag" href="https://careeducation.eu/es/base-de-datos-de-herramientas-digitales"></a><div data-eael-wrapper-link="eael-wrapper-link-fd42e4e" class="elementor-element elementor-element-fd42e4e e-con-full e-flex e-con e-child" data-id="fd42e4e" data-element_type="container" data-e-type="container" data-settings="{&quot;background_background&quot;:&quot;classic&quot;,&quot;jet_parallax_layout_list&quot;:[]}">
				<div class="elementor-element elementor-element-730f63b elementor-widget elementor-widget-heading" data-id="730f63b" data-element_type="widget" data-e-type="widget" data-widget_type="heading.default">
				<div class="elementor-widget-container">
					<h2 class="elementor-heading-title elementor-size-default">BASE DE DATOS DE HERRAMIENTAS DIGITALES</h2>				</div>
				</div>
				</div>
		<a class="eael-wrapper-link-9eb7a02 --eael-wrapper-link-tag" href="https://careeducation.eu/digital-tools-database"></a><div data-eael-wrapper-link="eael-wrapper-link-9eb7a02" class="elementor-element elementor-element-9eb7a02 e-con-full e-flex e-con e-child" data-id="9eb7a02" data-element_type="container" data-e-type="container" data-settings="{&quot;background_background&quot;:&quot;classic&quot;,&quot;jet_parallax_layout_list&quot;:[]}">
				<div class="elementor-element elementor-element-0b94c9c elementor-widget elementor-widget-heading" data-id="0b94c9c" data-element_type="widget" data-e-type="widget" data-widget_type="heading.default">
				<div class="elementor-widget-container">
					<h2 class="elementor-heading-title elementor-size-default">Programa de mentoría digital basado en TELMS</h2>				</div>
				</div>
				</div>
				</div>
					</div>
				</div>
				</div>

<p>Mentoría Programa de mentoría digital basado en TELMS con directrices metodológicas que incluyen un conjunto de herramientas digitales que pueden utilizarse para apoyar la educación lingüística de los niños migrantes (bilingües) y su funcionamiento cotidiano. BASE DE DATOS DE HERRAMIENTAS DIGITALES Programa de mentoría digital basado en TELMS</p>
