{"id":2442,"date":"2025-07-03T11:03:42","date_gmt":"2025-07-03T11:03:42","guid":{"rendered":"https:\/\/careeducation.eu\/?page_id=2442"},"modified":"2025-11-03T09:54:55","modified_gmt":"2025-11-03T09:54:55","slug":"mentoring-lub","status":"publish","type":"page","link":"https:\/\/careeducation.eu\/pl\/mentoring-lub","title":{"rendered":"Mentoring lub"},"content":{"rendered":"\t\t<div data-elementor-type=\"wp-page\" data-elementor-id=\"2442\" class=\"elementor elementor-2442 elementor-2406\" data-elementor-post-type=\"page\">\n\t\t\t\t<div class=\"elementor-element elementor-element-ab90294 e-flex e-con-boxed e-con e-parent\" data-id=\"ab90294\" data-element_type=\"container\" data-e-type=\"container\" data-settings=\"{&quot;background_background&quot;:&quot;classic&quot;,&quot;jet_parallax_layout_list&quot;:[]}\">\n\t\t\t\t\t<div class=\"e-con-inner\">\n\t\t\t\t<div class=\"elementor-element elementor-element-cf9ca91 elementor-headline--style-highlight elementor-widget elementor-widget-animated-headline\" data-id=\"cf9ca91\" data-element_type=\"widget\" data-e-type=\"widget\" data-settings=\"{&quot;marker&quot;:&quot;underline&quot;,&quot;highlighted_text&quot;:&quot;Mentoring lub&quot;,&quot;headline_style&quot;:&quot;highlight&quot;,&quot;loop&quot;:&quot;yes&quot;,&quot;highlight_animation_duration&quot;:1200,&quot;highlight_iteration_delay&quot;:8000}\" data-widget_type=\"animated-headline.default\">\n\t\t\t\t<div class=\"elementor-widget-container\">\n\t\t\t\t\t\t\t<h3 class=\"elementor-headline\">\n\t\t\t\t<span class=\"elementor-headline-dynamic-wrapper elementor-headline-text-wrapper\">\n\t\t\t\t\t<span class=\"elementor-headline-dynamic-text elementor-headline-text-active\">Mentoring lub<\/span>\n\t\t\t\t<\/span>\n\t\t\t\t<\/h3>\n\t\t\t\t\t\t<\/div>\n\t\t\t\t<\/div>\n\t\t\t\t\t<\/div>\n\t\t\t\t<\/div>\n\t\t<div class=\"elementor-element elementor-element-3ed43cf e-flex e-con-boxed e-con e-parent\" data-id=\"3ed43cf\" data-element_type=\"container\" data-e-type=\"container\" data-settings=\"{&quot;jet_parallax_layout_list&quot;:[]}\">\n\t\t\t\t\t<div class=\"e-con-inner\">\n\t\t\t\t<div class=\"elementor-element elementor-element-e262730 elementor-widget elementor-widget-text-editor\" data-id=\"e262730\" data-element_type=\"widget\" data-e-type=\"widget\" data-widget_type=\"text-editor.default\">\n\t\t\t\t<div class=\"elementor-widget-container\">\n\t\t\t\t\t\t\t\t\t<p><span style=\"font-weight: 400;\">Program mentoringu cyfrowego oparty na TELMS, zawieraj\u0105cy wytyczne metodologiczne oraz zestaw narz\u0119dzi cyfrowych, kt\u00f3re mog\u0105 by\u0107 wykorzystane do wspierania edukacji j\u0119zykowej uczni\u00f3w-migrant\u00f3w (dwuj\u0119zycznych) oraz ich codziennego funkcjonowania.<\/span><\/p>\t\t\t\t\t\t\t\t<\/div>\n\t\t\t\t<\/div>\n\t\t<div class=\"elementor-element elementor-element-bb144cc e-con-full e-flex e-con e-child\" data-id=\"bb144cc\" data-element_type=\"container\" data-e-type=\"container\" data-settings=\"{&quot;jet_parallax_layout_list&quot;:[]}\">\n\t\t<a class=\"eael-wrapper-link-82832db --eael-wrapper-link-tag\" href=\"https:\/\/careeducation.eu\/pl\/baza-narzedzi-cyfrowych\"><\/a><div data-eael-wrapper-link=\"eael-wrapper-link-82832db\" class=\"elementor-element elementor-element-82832db e-con-full e-flex e-con e-child\" data-id=\"82832db\" data-element_type=\"container\" data-e-type=\"container\" data-settings=\"{&quot;background_background&quot;:&quot;classic&quot;,&quot;jet_parallax_layout_list&quot;:[]}\">\n\t\t\t\t<div class=\"elementor-element elementor-element-81a5ef7 elementor-widget elementor-widget-heading\" data-id=\"81a5ef7\" data-element_type=\"widget\" data-e-type=\"widget\" data-widget_type=\"heading.default\">\n\t\t\t\t<div class=\"elementor-widget-container\">\n\t\t\t\t\t<h2 class=\"elementor-heading-title elementor-size-default\">BAZA NARZ\u0118DZI CYFROWYCH<\/h2>\t\t\t\t<\/div>\n\t\t\t\t<\/div>\n\t\t\t\t<\/div>\n\t\t<a class=\"eael-wrapper-link-df688fb --eael-wrapper-link-tag\" href=\"https:\/\/careeducation.eu\/digital-tools-database\"><\/a><div data-eael-wrapper-link=\"eael-wrapper-link-df688fb\" class=\"elementor-element elementor-element-df688fb e-con-full e-flex e-con e-child\" data-id=\"df688fb\" data-element_type=\"container\" data-e-type=\"container\" data-settings=\"{&quot;background_background&quot;:&quot;classic&quot;,&quot;jet_parallax_layout_list&quot;:[]}\">\n\t\t\t\t<div class=\"elementor-element elementor-element-4eeba62 elementor-widget elementor-widget-heading\" data-id=\"4eeba62\" data-element_type=\"widget\" data-e-type=\"widget\" data-widget_type=\"heading.default\">\n\t\t\t\t<div class=\"elementor-widget-container\">\n\t\t\t\t\t<h2 class=\"elementor-heading-title elementor-size-default\">Program mentoringu cyfrowego oparty na TELMS<\/h2>\t\t\t\t<\/div>\n\t\t\t\t<\/div>\n\t\t\t\t<\/div>\n\t\t\t\t<\/div>\n\t\t\t\t\t<\/div>\n\t\t\t\t<\/div>\n\t\t\t\t<\/div>\n\t\t","protected":false},"excerpt":{"rendered":"<p>Mentoring lub Program mentoringu cyfrowego oparty na TELMS, zawieraj\u0105cy wytyczne metodologiczne oraz zestaw narz\u0119dzi cyfrowych, kt\u00f3re mog\u0105 by\u0107 wykorzystane do wspierania edukacji j\u0119zykowej uczni\u00f3w-migrant\u00f3w (dwuj\u0119zycznych) oraz ich codziennego funkcjonowania. BAZA NARZ\u0118DZI CYFROWYCH Program mentoringu cyfrowego oparty na TELMS<\/p>\n","protected":false},"author":1,"featured_media":0,"parent":0,"menu_order":0,"comment_status":"closed","ping_status":"closed","template":"","meta":{"footnotes":""},"class_list":["post-2442","page","type-page","status-publish","hentry"],"_links":{"self":[{"href":"https:\/\/careeducation.eu\/pl\/wp-json\/wp\/v2\/pages\/2442","targetHints":{"allow":["GET"]}}],"collection":[{"href":"https:\/\/careeducation.eu\/pl\/wp-json\/wp\/v2\/pages"}],"about":[{"href":"https:\/\/careeducation.eu\/pl\/wp-json\/wp\/v2\/types\/page"}],"author":[{"embeddable":true,"href":"https:\/\/careeducation.eu\/pl\/wp-json\/wp\/v2\/users\/1"}],"replies":[{"embeddable":true,"href":"https:\/\/careeducation.eu\/pl\/wp-json\/wp\/v2\/comments?post=2442"}],"version-history":[{"count":13,"href":"https:\/\/careeducation.eu\/pl\/wp-json\/wp\/v2\/pages\/2442\/revisions"}],"predecessor-version":[{"id":3517,"href":"https:\/\/careeducation.eu\/pl\/wp-json\/wp\/v2\/pages\/2442\/revisions\/3517"}],"wp:attachment":[{"href":"https:\/\/careeducation.eu\/pl\/wp-json\/wp\/v2\/media?parent=2442"}],"curies":[{"name":"wp","href":"https:\/\/api.w.org\/{rel}","templated":true}]}}

<div data-elementor-type="wp-page" data-elementor-id="2442" class="elementor elementor-2442 elementor-2406" data-elementor-post-type="page">
				<div class="elementor-element elementor-element-ab90294 e-flex e-con-boxed e-con e-parent" data-id="ab90294" data-element_type="container" data-e-type="container" data-settings="{&quot;background_background&quot;:&quot;classic&quot;,&quot;jet_parallax_layout_list&quot;:[]}">
					<div class="e-con-inner">
				<div class="elementor-element elementor-element-cf9ca91 elementor-headline--style-highlight elementor-widget elementor-widget-animated-headline" data-id="cf9ca91" data-element_type="widget" data-e-type="widget" data-settings="{&quot;marker&quot;:&quot;underline&quot;,&quot;highlighted_text&quot;:&quot;Mentoring lub&quot;,&quot;headline_style&quot;:&quot;highlight&quot;,&quot;loop&quot;:&quot;yes&quot;,&quot;highlight_animation_duration&quot;:1200,&quot;highlight_iteration_delay&quot;:8000}" data-widget_type="animated-headline.default">
				<div class="elementor-widget-container">
							<h3 class="elementor-headline">
				<span class="elementor-headline-dynamic-wrapper elementor-headline-text-wrapper">
					<span class="elementor-headline-dynamic-text elementor-headline-text-active">Mentoring lub</span>
				</span>
				</h3>
						</div>
				</div>
					</div>
				</div>
		<div class="elementor-element elementor-element-3ed43cf e-flex e-con-boxed e-con e-parent" data-id="3ed43cf" data-element_type="container" data-e-type="container" data-settings="{&quot;jet_parallax_layout_list&quot;:[]}">
					<div class="e-con-inner">
				<div class="elementor-element elementor-element-e262730 elementor-widget elementor-widget-text-editor" data-id="e262730" data-element_type="widget" data-e-type="widget" data-widget_type="text-editor.default">
				<div class="elementor-widget-container">
									<p><span style="font-weight: 400;">Program mentoringu cyfrowego oparty na TELMS, zawierający wytyczne metodologiczne oraz zestaw narzędzi cyfrowych, które mogą być wykorzystane do wspierania edukacji językowej uczniów-migrantów (dwujęzycznych) oraz ich codziennego funkcjonowania.</span></p>								</div>
				</div>
		<div class="elementor-element elementor-element-bb144cc e-con-full e-flex e-con e-child" data-id="bb144cc" data-element_type="container" data-e-type="container" data-settings="{&quot;jet_parallax_layout_list&quot;:[]}">
		<a class="eael-wrapper-link-82832db --eael-wrapper-link-tag" href="https://careeducation.eu/pl/baza-narzedzi-cyfrowych"></a><div data-eael-wrapper-link="eael-wrapper-link-82832db" class="elementor-element elementor-element-82832db e-con-full e-flex e-con e-child" data-id="82832db" data-element_type="container" data-e-type="container" data-settings="{&quot;background_background&quot;:&quot;classic&quot;,&quot;jet_parallax_layout_list&quot;:[]}">
				<div class="elementor-element elementor-element-81a5ef7 elementor-widget elementor-widget-heading" data-id="81a5ef7" data-element_type="widget" data-e-type="widget" data-widget_type="heading.default">
				<div class="elementor-widget-container">
					<h2 class="elementor-heading-title elementor-size-default">BAZA NARZĘDZI CYFROWYCH</h2>				</div>
				</div>
				</div>
		<a class="eael-wrapper-link-df688fb --eael-wrapper-link-tag" href="https://careeducation.eu/digital-tools-database"></a><div data-eael-wrapper-link="eael-wrapper-link-df688fb" class="elementor-element elementor-element-df688fb e-con-full e-flex e-con e-child" data-id="df688fb" data-element_type="container" data-e-type="container" data-settings="{&quot;background_background&quot;:&quot;classic&quot;,&quot;jet_parallax_layout_list&quot;:[]}">
				<div class="elementor-element elementor-element-4eeba62 elementor-widget elementor-widget-heading" data-id="4eeba62" data-element_type="widget" data-e-type="widget" data-widget_type="heading.default">
				<div class="elementor-widget-container">
					<h2 class="elementor-heading-title elementor-size-default">Program mentoringu cyfrowego oparty na TELMS</h2>				</div>
				</div>
				</div>
				</div>
					</div>
				</div>
				</div>

<p>Mentoring lub Program mentoringu cyfrowego oparty na TELMS, zawierający wytyczne metodologiczne oraz zestaw narzędzi cyfrowych, które mogą być wykorzystane do wspierania edukacji językowej uczniów-migrantów (dwujęzycznych) oraz ich codziennego funkcjonowania. BAZA NARZĘDZI CYFROWYCH Program mentoringu cyfrowego oparty na TELMS</p>
